e the greatest common divisor of 6 and k.
6
Suppose p + 2*p - 15 = 0. Suppose -2*d - 5*a = -19 - 78, -p*d - 4*a = -251. Suppose 19 = 5*y - d. What is the greatest common divisor of 154 and y?
14
Let v be -2 - (-924 - (0 + -3)). Let d = v + -413. Let h = d + -282. Calculate the highest common divisor of 28 and h.
28
Suppose 0 = -3*r + 5*r - 4*k - 4, -18 = -4*r - 2*k. Let u be -18*r/6*-2. Let d be u/(-10)*(-110)/3. Calculate the highest common divisor of 11 and d.
11
Let d(r) = -r**2 - r + 11. Let o be d(0). Calculate the highest common divisor of 121 and o.
11
Let a be ((32/12)/(4/30))/1. Calculate the greatest common factor of 30 and a.
10
Suppose t = 2*v + 12, -7*v - 28 = -4*t - 4*v. Let r be -8*5/4*-2. Suppose -4*k + r + 20 = 0. What is the greatest common factor of t and k?
2
Suppose -5*c + 2830 + 85 = 0. Suppose 4*v = -99 + c. Let a(x) = x**3 + 6*x**2 - 9*x - 3. Let u be a(-7). Calculate the highest common factor of u and v.
11
Let s = 60 - 54. What is the greatest common divisor of 4 and s?
2
Suppose 3*p - 70 = 3*r + 8*p, 3*p = r. Let i be (-2)/(-6) + (-10)/r. Calculate the highest common factor of 11 and i.
1
Let k(t) = t + 1. Let m be k(2). Suppose 0*i = i - m. What is the highest common factor of 15 and i?
3
Let w(u) = -u**2 + 9*u + 3. Let s be w(9). Let a(x) = 7*x**2 - x. Let o be a(s). Calculate the highest common factor of o and 24.
12
Let v(h) = h**2 - h - 2. Let g(o) = o + 1. Let j be g(3). Let m be v(j). What is the highest common factor of 110 and m?
10
Suppose x + 5*m - 2 - 1 = 0, -4*m = -x - 15. Let g be (-111)/x - (-1)/7. Calculate the highest common factor of 48 and g.
16
Suppose 6 = -4*h + 5*h. Suppose -3*s - h = 3*t, 0*t - 4 = -4*t - s. Suppose 0 = -t*r + 5 + 21. Calculate the highest common factor of 39 and r.
13
Let j = -15 - -19. Let a = -67 + 103. What is the greatest common divisor of j and a?
4
Suppose 0*h = 2*h - 22. Calculate the greatest common divisor of 77 and h.
11
Let h(p) = 20*p - 2. Let o be h(7). Let g = 71 + -48. Calculate the highest common factor of g and o.
23
Suppose -4*m = m - 40. What is the greatest common factor of m and 1?
1
Let y be (-15)/(-5)*4/6. Suppose -4 = -3*r + y. Let w(b) = b**2 + 3*b. Let s be w(-5). What is the highest common factor of s and r?
2
Let r(f) = f**3 + 3*f**2 + 2*f + 3. Let a be r(-2). Let k = 9 - a. Suppose -h + k = -1. Calculate the highest common factor of 7 and h.
7
Let s be ((-140)/(-42))/(4/42). What is the greatest common divisor of s and 7?
7
Let x be (-4)/(-10) - (-26)/10. Suppose 5*y - 1 = t + x, -4 = -t + y. What is the highest common factor of 30 and t?
6
Let a = 269 - 185. What is the highest common divisor of 12 and a?
12
Suppose 5*l - 1 - 9 = 0, 5*l = -f + 35. Suppose 0 = -2*g + 3*g + u - 170, 2*g = 2*u + 360. Calculate the greatest common factor of g and f.
25
Suppose 4*j - 4 - 21 = -3*y, -4*y = 5*j - 34. Suppose 4*v = 161 + 59. Calculate the highest common factor of y and v.
11
Suppose f - 74 = 4*l, -f - 445 = -6*f + 5*l. Let a = 139 - f. What is the highest common divisor of 9 and a?
9
Suppose 145 = -5*a + 4*d, 3*a + 46 = a + 4*d. Let v = -19 - a. What is the highest common factor of 2 and v?
2
Suppose k - 2*i = -0*k + 46, -3*i - 97 = -2*k. What is the highest common factor of 140 and k?
28
Let s = 216 - 142. Calculate the greatest common factor of s and 185.
37
Suppose -3*v + 3*i - 2*i + 279 = 0, -465 = -5*v - 2*i. What is the greatest common factor of v and 62?
31
Let a = 312 + -219. What is the highest common factor of a and 62?
31
Let b be (10/(-4))/(5/(-10)). Calculate the greatest common factor of 20 and b.
5
Suppose -2*m + 9 + 5 = 2*q, 5 = 5*q - 5*m. What is the highest common factor of q and 16?
4
Let h(a) = -a**3 - 11*a**2 + 9. Let x be h(-11). Let v(z) = -4*z - 2. Let b be v(-2). Suppose b + x = 3*i. What is the highest common factor of i and 25?
5
Let c = -15 + 30. Let k be (-1 + 4)/((-3)/32). Let t = 62 + k. Calculate the greatest common divisor of c and t.
15
Let n(b) = -5*b - 6. Suppose -2*g = 2*s + 17 + 3, 4*s + 28 = -2*g. Let t be n(g). What is the highest common divisor of 60 and t?
12
Suppose -3*y + 2*s + 143 = 0, -3*s + 2 = -3*y + 149. Let f = -17 + 6. Let v be (-2)/f - (-530)/110. What is the highest common divisor of y and v?
5
Let k = 9 + -1. Suppose c + 227 = 251. Calculate the highest common divisor of k and c.
8
Let w(d) = -3*d + 1. Suppose -g = -6*g + 75. Let z be (1 - 3)*g/6. Let a be w(z). Calculate the highest common divisor of a and 112.
16
Let s = 44 - 25. Let c be (-2772)/(-21) - (-2)/2. What is the highest common divisor of s and c?
19
Suppose 4*g = 6*g - 60. What is the highest common factor of g and 12?
6
Let b be 6/4*((-40)/12 + 4). What is the greatest common factor of b and 5?
1
Let d = 198 - 58. Calculate the greatest common factor of 40 and d.
20
Let g be -2 + 0 + 0/(-1). Let l be (10/4)/(g/(-96)). What is the greatest common factor of 15 and l?
15
Suppose 5*m - 3*m + 5*j - 21 = 0, 0 = 2*m + 2*j - 12. Suppose -p = -m*p + 6. Calculate the highest common divisor of p and 12.
3
Let r(o) = 4*o**2. Let u be r(4). Let y be 6/4*u/6. Let l(w) = w**2 - 21. Let f be l(-5). Calculate the greatest common divisor of f and y.
4
Let o be (-1550)/(-93) + (20/6 - 2). Suppose 0 = 2*b - 5*i + 16, -4*b - 4*i + 3*i + 12 = 0. What is the greatest common divisor of b and o?
2
Suppose 5*u + 3*h - 116 = 0, 4*h + 0*h = -u + 30. Suppose 0 = 2*i - m - 66, -3*i + 4*m + 45 + 54 = 0. What is the greatest common divisor of i and u?
11
Suppose 0 = 3*i + 3*o, o = -3*i + 14 - 4. Suppose -i*g - 135 = -2*m, -4*g - g - 375 = -5*m. What is the greatest common divisor of 10 and m?
10
Let j be (-4)/((-32)/(-12))*-48. Calculate the greatest common factor of 24 and j.
24
Let k(n) = n - 1. Let a(i) = 5*i - 7. Let j(y) = a(y) - 6*k(y). Let z be j(-9). What is the highest common factor of z and 88?
8
Let s be (-1)/((-89)/(-30) + -3). What is the greatest common factor of 30 and s?
30
Let o be 0 - 2 - 24/(-3). Let p be 24*((-3)/o + 1). Let j be 645/p - 1/(-4). Calculate the highest common factor of 6 and j.
6
Suppose 5*g = -3*d - 12 - 7, 5*d + 2*g = 0. Let k be (4/(-24))/((-1)/6). What is the highest common factor of k and d?
1
Let a be 2*1 - (-22)/22. Calculate the highest common divisor of a and 24.
3
Suppose -6*i + 21 = -3*i + h, 0 = 2*i + 3*h - 21. Let l be (-7)/(-1 - (-39)/42). Suppose 64 = 3*r - l. Calculate the greatest common factor of i and r.
6
Suppose 6*l + 27 = 9*l. Calculate the greatest common divisor of l and 9.
9
Let g(z) = -z**2 + 21*z - 15. Let l be g(11). Suppose 4*r - 8 = 0, 0*j - 13 = -j + 3*r. Calculate the greatest common divisor of j and l.
19
Let m be 0/(2 - (5 + -1)). Suppose -2*n + 15 + 9 = m. Suppose 4*r - 2*i = 3*i + 26, -4*r - 2*i + n = 0. Calculate the greatest common divisor of 36 and r.
4
Let k be -2*(4 + -3 + -23). Let d(u) = -2*u + 1. Let z be d(-5). Calculate the greatest common factor of z and k.
11
Suppose -v + 2*u - 14 = 0, 5*v + 5*u = u - 28. Let r be (-8)/(-1*(-4)/v). What is the greatest common factor of 16 and r?
16
Suppose -75 - 29 = -4*f. Calculate the greatest common divisor of 117 and f.
13
Let b be (1*(1 - 0))/1. Let a be 1 - 11*(b - 2). Suppose 0 = -3*p - m + 75, m = -p + 6*m + 9. What is the highest common factor of a and p?
12
Suppose 2*o = 3*b + 20, 2*b = o - b - 16. Let v be 12*-1*3/(-1). Let x be 2*7/(14/v). Calculate the greatest common factor of o and x.
4
Suppose -5*x + 3*i - 749 = -49, -5*i + 700 = -5*x. Let o be 6/27 - x/18. What is the highest common divisor of 4 and o?
4
Let r(l) = 5*l - 2. Let x be r(2). Calculate the highest common divisor of 4 and x.
4
Let u(b) = -8*b**2 - 4*b + 18*b**2 + 12 + b**3 + 3*b + 2*b. Let x be u(-9). What is the highest common factor of x and 12?
12
Let p be 168/(-10)*(-11 + 1). Suppose p = -4*x + 608. What is the highest common factor of 10 and x?
10
Let z(t) = 21*t**2. Let y be z(-1). Let l be (-188)/(-4) + (0 - 3). Let i = -23 + l. Calculate the highest common divisor of y and i.
21
Let i = 45 + 4. Suppose 64 + 18 = 3*m + 2*t, -m + i = 5*t. Calculate the highest common factor of m and 12.
12
Let x(m) = m**2 - 6*m + 6. Let q be x(6). Let k(n) = -3*n + q*n**2 - n**2 + 5*n - 1. Let y be k(-2). Calculate the highest common divisor of 105 and y.
15
Let c be (-77)/(-3) - 4